 greatest common divisor of 1164 and 96.
12
Calculate the highest common factor of 90 and 225.
45
What is the greatest common divisor of 80 and 144?
16
Calculate the greatest common divisor of 240 and 2520.
120
What is the greatest common factor of 87 and 2001?
87
Calculate the highest common factor of 67 and 4824.
67
Calculate the highest common factor of 259 and 111.
37
Calculate the highest common divisor of 61770 and 355.
355
Calculate the greatest common factor of 7938 and 252.
126
What is the greatest common divisor of 1005 and 18425?
335
What is the highest common factor of 16 and 784?
16
What is the highest common divisor of 378 and 1491?
21
Calculate the highest common factor of 38 and 589.
19
What is the highest common factor of 162 and 1464?
6
What is the greatest common divisor of 3 and 176?
1
What is the highest common divisor of 6 and 186?
6
What is the greatest common factor of 640 and 304?
16
Calculate the greatest common factor of 188 and 8.
4
What is the highest common factor of 22 and 8217?
11
What is the highest common divisor of 104 and 8?
8
What is the highest common divisor of 1 and 47?
1
What is the highest common factor of 24 and 68?
4
What is the highest common factor of 1053 and 39?
39
What is the highest common factor of 765 and 30?
15
Calculate the highest common divisor of 232 and 24.
8
What is the highest common factor of 26 and 143?
13
What is the highest common divisor of 115 and 2783?
23
Calculate the greatest common divisor of 28 and 301.
7
What is the highest common divisor of 101 and 11009?
101
What is the greatest common factor of 88 and 1892?
44
Calculate the highest common factor of 100 and 15050.
50
Calculate the highest common divisor of 1104 and 36.
12
What is the highest common factor of 468 and 36?
36
Calculate the greatest common factor of 33 and 297.
33
Calculate the highest common factor of 1656 and 144.
72
Calculate the highest common divisor of 3515 and 950.
95
Calculate the greatest common divisor of 1141 and 21.
7
What is the highest common factor of 168 and 144?
24
Calculate the greatest common factor of 155 and 15.
5
What is the greatest common divisor of 175 and 69475?
175
What is the greatest common factor of 70560 and 90?
90
Calculate the highest common factor of 129 and 1763.
43
Calculate the highest common divisor of 882 and 98.
98
Calculate the highest common factor of 57 and 2071.
19
Calculate the highest common divisor of 30 and 50.
10
What is the greatest common factor of 46990 and 254?
254
What is the greatest common divisor of 847 and 7?
7
Calculate the greatest common divisor of 29 and 57391.
29
Calculate the greatest common divisor of 30 and 4.
2
Calculate the highest common divisor of 434 and 3.
1
What is the greatest common divisor of 12 and 80?
4
What is the greatest common factor of 1503 and 36?
9
Calculate the highest common divisor of 9 and 79641.
9
Calculate the greatest common factor of 174 and 145.
29
What is the highest common divisor of 7 and 567?
7
What is the highest common divisor of 340 and 68?
68
What is the highest common factor of 2 and 162?
2
What is the highest common divisor of 645 and 120?
15
Calculate the highest common factor of 145 and 160.
5
Calculate the highest common divisor of 46 and 322.
46
Calculate the highest common factor of 684 and 4275.
171
What is the greatest common factor of 4 and 68?
4
What is the greatest common factor of 65 and 9815?
65
Calculate the highest common factor of 43 and 4558.
43
Calculate the greatest common factor of 40 and 344.
8
What is the highest common divisor of 140 and 56?
28
What is the greatest common factor of 24 and 204?
12
Calculate the highest common divisor of 1552 and 5238.
194
What is the greatest common factor of 17 and 153?
17
What is the greatest common factor of 16967 and 235?
47
What is the greatest common factor of 64 and 2272?
32
What is the greatest common factor of 3 and 26?
1
Calculate the highest common factor of 1962 and 2.
2
What is the highest common factor of 64 and 2?
2
What is the greatest common divisor of 450 and 350?
50
Calculate the highest common divisor of 630 and 301.
7
What is the highest common divisor of 84 and 147?
21
What is the greatest common factor of 27 and 294?
3
Calculate the greatest common factor of 26 and 871.
13
What is the greatest common divisor of 4 and 44?
4
Calculate the greatest common factor of 242 and 17545.
121
What is the greatest common divisor of 506 and 230?
46
What is the greatest common divisor of 2581 and 89?
89
Calculate the highest common divisor of 85 and 17.
17
What is the highest common divisor of 58 and 34249?
29
What is the greatest common factor of 144 and 4?
4
What is the greatest common factor of 416 and 13?
13
What is the highest common divisor of 22075 and 25?
25
What is the greatest common divisor of 66 and 1056?
66
Calculate the highest common factor of 3973 and 959.
137
Calculate the highest common divisor of 590 and 8.
2
What is the highest common factor of 2481 and 12?
3
Calculate the greatest common factor of 42 and 56.
14
Calculate the highest common divisor of 938 and 14.
14
What is the highest common divisor of 7 and 1414?
7
What is the highest common divisor of 60 and 460?
20
What is the highest common factor of 15 and 2985?
15
What is the highest common factor of 6 and 2714?
2
Calculate the highest common divisor of 42 and 56.
14
Calculate the highest common divisor of 710 and 8662.
142
What is the greatest common divisor of 10 and 10530?
10
Calculate the highest common factor of 13 and 793.
13
Calculate the highest common factor of 3942 and 216.
54
Calculate the greatest common divisor of 182 and 56.
14
What is the greatest common factor of 182 and 826?
14
What is the greatest common factor of 2862 and 583?
53
What is the highest common factor of 256 and 16?
16
What is the greatest common factor of 9078 and 306?
102
Calculate the greatest common divisor of 1640 and 10.
10
Calculate the highest common divisor of 639 and 18.
9
Calculate the highest common divisor of 42 and 56.
14
What is the greatest common factor of 91 and 7?
7
What is the greatest common divisor of 88 and 836?
44
What is the greatest common factor of 234 and 18?
18
What is the highest common factor of 42 and 1701?
21
Calculate the greatest common divisor of 109 and 4142.
109
What is the highest common factor of 5 and 815?
5
What is the greatest common factor of 252 and 441?
63
What is the greatest common factor of 1659 and 49?
7
What is the highest common factor of 429 and 4950?
33
Calculate the highest common factor of 21 and 14721.
21
What is the greatest common factor of 22 and 550?
22
Calculate the highest common divisor of 275 and 22.
11
Calculate the highest common divisor of 3350 and 100.
50
What is the greatest common divisor of 8 and 3688?
8
Calculate the highest common factor of 33 and 583.
11
Calculate the greatest common divisor of 120 and 540.
60
Calculate the highest common divisor of 3805 and 20.
5
Calculate the highest common factor of 184 and 5566.
46
Calculate the greatest common divisor of 23318 and 786.
262
Calculate the greatest common factor of 22 and 47.
1
What is the greatest common divisor of 310 and 110?
10
What is the highest common divisor of 6 and 2?
2
Calculate the greatest common divisor of 949 and 26.
13
Calculate the greatest common factor of 13625 and 125.
125
What is the greatest common factor of 5 and 85?
5
Calculate the highest common divisor of 276 and 648.
12
Calculate the highest common divisor of 715 and 65.
65
What is the highest common divisor of 12 and 1164?
12
What is the highest common factor of 117 and 8307?
117
What is the greatest common factor of 180 and 10?
10
Calculate the greatest common factor of 693 and 495.
99
What is the greatest common divisor of 91 and 21?
7
What is the greatest common factor of 534 and 24?
6
Calculate the highest common factor of 99 and 209.
11
What is the greatest common divisor of 85 and 5?
5
Calculate the highest common factor of 105 and 120.
15
Calculate the highest common factor of 2758 and 14.
14
What is the highest common factor of 232 and 1334?
58
What is the greatest common divisor of 2191 and 1565?
313
What is the highest common factor of 26715 and 117?
39
What is the high